be u(-7). Let i(x) = 869*x - 59. Is i(z) a composite number?
True
Let h(n) = 138*n + 18. Let t be h(18). Let o = t - 546. Let b = o - 1285. Is b composite?
True
Suppose 0 = 4*h - q - 676539, 3*h = -q + 521641 - 14235. Is h a composite number?
True
Let f = -5512 + 11378. Let n = 11489 - f. Is n composite?
False
Let c(l) = -l**2 - 18*l + 25. Let u be c(-19). Is (1 - 3990)/((-42)/6 + u) prime?
True
Suppose 198 = -2*a - a. Let t = a - -33. Let d = t - -52. Is d composite?
False
Is ((-123475)/(-4) + 1)*(22 - 21 - -3) a prime number?
True
Let o(p) = -5*p**3 - 18*p**2 - 20*p - 22. Let j be o(-12). Suppose -j + 23804 = 6*w. Is w a prime number?
False
Suppose 2*l + 5*l = 4858. Suppose l = -4*s - 1614. Let t = s - -1076. Is t a prime number?
True
Let t(m) = -540*m**2 - 4*m + 17. Let s(v) = 538*v**2 + 3*v - 16. Let n(g) = -6*s(g) - 7*t(g). Is n(4) prime?
True
Let y = -122260 - -1985499. Is y a prime number?
False
Let s be 192606/14 + (-1)/(7/(-3)). Suppose -s = -24*r + 5130. Is r a composite number?
False
Is (-38)/(-361) - 2*(-32033730)/76 prime?
True
Let t(l) = 4*l**3 - 6*l**2 - 2*l - 3. Let d(w) = 3*w + 2. Let c be d(0). Let h be ((-4 + c)/4)/((-6)/84). Is t(h) prime?
True
Is 3 + (-8741493)/(-12) + (-142)/(-568) a prime number?
False
Let r = -33 - -39. Suppose -r = -2*i + 8*i. Is (i - -2) + -3 + 1623 composite?
False
Let z = 379 + -375. Suppose 8150 + 5598 = z*c. Is c composite?
True
Let h(f) = -52*f**2 + 7*f - 30. Let l(o) = o**2 - o. Let p(i) = -h(i) - 3*l(i). Is p(-7) prime?
True
Let n be 19 - ((-5)/10)/(2/(-12)). Let i(o) = 34 - 32*o - 4 - 3 - n. Is i(-10) composite?
False
Suppose -3*x + 3*n - 86973 = -7*x, -4*x + 86958 = -2*n. Suppose -18081 = -6*l + x. Is l prime?
True
Suppose -5*m + 35371 = 5*q - 63299, -2*m = 5*q - 39453. Is m a prime number?
True
Suppose 2*q + 2*g - 152750 = 0, 2*q = -4*g + 8*g + 152786. Is q composite?
True
Let l = -81 + 78. Is 3602/l*15/(-10) prime?
True
Let g(y) = -y**3 + 3*y**2 + 16*y + 16. Let k be g(6). Suppose 11 + 1 = -k*c, 5*x + 5*c = 67895. Is x a composite number?
True
Suppose 7*w = 2*w - 10, -7 = -u + w. Suppose 17392 = 4*m + 5*t, 0 = 8*m - 10*m - u*t + 8686. Is m a composite number?
True
Let f(g) = 16255*g + 3507. Is f(10) prime?
False
Suppose 0 = 8*t + 240 - 362456. Is t a composite number?
True
Let x(a) = 3323*a**3 + 21*a**2 - a + 3. Is x(2) a prime number?
True
Let h = 49863 - 18649. Is h a composite number?
True
Suppose 40*u - 10*u = 0. Is -1 + u + 5641 - 1 prime?
True
Let o(v) = -v**3 - 34*v**2 + 27*v - 82. Let d(r) = r**3 - 26*r**2 + 48*r - 36. Let w be d(24). Is o(w) a composite number?
True
Is 956552/(-4)*(7 - (5 + 10/4)) a prime number?
True
Suppose 0*r + 15421 = r - 5*q, 4*r = -5*q + 61759. Let x = 264 - -884. Suppose 8*v = x + r. Is v a composite number?
True
Let q = 187527 - 121880. Is q prime?
True
Let w be 13/52 - (-14)/8. Suppose 4433 = 3*z - 4*n, -z + 1482 = 5*n - w*n. Suppose -2*m + 851 = -z. Is m prime?
False
Let u = 276053 - 98794. Is u prime?
False
Suppose -1 + 6 = a. Suppose -372 = -n - 3*s + 145, 2563 = a*n + 4*s. Suppose -3*j + 3*x = -j - n, -4*j = 3*x - 995. Is j composite?
False
Let q(x) = 25*x**3 - 15*x**2 - 3*x + 69. Is q(20) prime?
False
Let j be (-10735 - 4) + 0 + -1. Let u = j - -17646. Suppose -11*y = -5*y - u. Is y a prime number?
True
Let b = -129 + 131. Suppose b*j - 3*j + 11179 = 0. Is j a composite number?
True
Let g(b) = 59 - 417*b - 40*b - 40*b. Is g(-4) prime?
False
Let m be (14/(-56))/((-1)/(-4)*-1). Is 1905 + -8 + m - -3 a composite number?
False
Suppose 13*r + 15 = 8*r. Let m(w) = 2*w**2 + 4*w + 1. Let u be m(r). Suppose -380 = -u*f + 5. Is f a composite number?
True
Let y(n) = -n**3 + 5*n**2 + 4*n + 8. Let j be y(6). Is 18/(-12)*-654 + j composite?
False
Suppose -98*r = -77*r - 4978029. Is r a composite number?
True
Suppose 9*t = 8337 + 3660. Suppose 3*u - 87 + 2733 = 0. Let c = t + u. Is c composite?
True
Suppose -4*d = -10*d + 372. Suppose -1846 = d*y - 64*y. Is y a composite number?
True
Suppose 4*b - g = 34286, 14*g - 9*g = -b + 8561. Is (-15 - 10)*b/(-15) a prime number?
False
Let y = 58190 - 35156. Let t = -13045 + y. Is t composite?
True
Is (-8604402)/(-30) + (-46)/115 prime?
True
Let v(g) = 51*g**2 - g + 1. Let b be -1 + (-541)/11 + (-6)/(-33). Let n = 46 + b. Is v(n) composite?
False
Suppose -10*o + 5*o + 288 = -3*q, -104 = -2*o + 4*q. Is (-1)/6 - 24550/o*-1 composite?
False
Suppose 0 = -6*s + 12994 - 1978. Let y = 1193 + s. Is y composite?
True
Let z be ((-3)/(-2))/((-8)/16). Is ((-1187)/z)/(4/12) composite?
False
Let f be ((-36)/30)/((-6)/40*2). Let d(g) = g**2 + g - 12. Let u be d(f). Suppose u*i - 2 = 46. Is i a composite number?
True
Let l(v) = -108*v**2 + 7*v + 11. Let k be l(-4). Let x = k - -3004. Is x composite?
False
Suppose s = s + 3*s. Suppose s = 32*d - 28*d - 20. Let l(k) = 291*k + 26. Is l(d) a prime number?
True
Suppose -4*h + 5 = o, -3*o = -5*h - 5*o + 10. Suppose 2*i + 153 = z, 2*z - 341 = -h*i - 3*i. Is z a prime number?
True
Let y = -11120 + 17622. Is y a prime number?
False
Suppose -48 + 3 = -9*z. Suppose 548 = -5*k + 2*b + 2153, z*k + 3*b - 1580 = 0. Is k composite?
True
Let i be (0 - 1) + (-2 - -7). Suppose 5*s = -6*n + 3*n + 13236, i*s - 5*n - 10611 = 0. Is s a prime number?
False
Let k = 95 + -103. Is k/(-36) + 121845/27 prime?
True
Suppose -48*n + 19502 = -318370. Is n composite?
False
Suppose 2*c - 36 = -3*w, -c - 7 + 32 = 5*w. Suppose -10*m = -c*m + 128890. Suppose -m + 6344 = -4*q + 5*i, -4*q = i - 19446. Is q prime?
True
Let d be (24 - 23)/((-1)/2841). Let p = 962 - d. Is p a prime number?
True
Suppose -3*b - z - 20 = 2*b, -5*b = -5*z + 20. Let i(u) = 93*u**2 - 6*u - 5. Let o be i(b). Suppose o = 3*p - 4142. Is p a composite number?
True
Let r be 44/7 - 4/14. Let t(j) = j**2 - 8. Let f be t(r). Suppose -f - 157 = -5*d. Is d a prime number?
True
Is (1050229/(-5))/((-26)/130) composite?
False
Suppose -3*y + 50 + 40 = 0. Suppose 21*w = y*w - 7551. Is w a composite number?
False
Suppose -7*y + 2*y + 13588 = 3*t, -2*t + y + 9037 = 0. Let o be ((-6)/4)/(36/(-96)). Suppose -o*c = -b - 6028, -3*b = c + 2*c - t. Is c a composite number?
True
Suppose -2*f + 8 = 0, q - 384 = -4*f + 655. Suppose -4*y = -0*n + 3*n + 824, 2*n = -5*y - q. Is (-1 - 1 - -4)/((-2)/y) a prime number?
False
Let i(l) = 400*l**2 + 66*l - 19. Is i(15) prime?
True
Suppose 3*b - 2*l + 12373 + 4598 = 0, 5*l = 15. Let d = b - -9866. Is d a composite number?
False
Let d be 58*(6/(-4) + 1). Let v = -17 - d. Is ((-1)/(-1))/(v/1596) a composite number?
True
Let t(k) = 140*k + 31. Let w(m) = -m**3 + m**2 + 21*m + 3. Let h be w(5). Is t(h) prime?
True
Suppose -87 = 31*c + 99. Let p(i) = -29*i**3 + 4*i**2 + 18*i - 13. Is p(c) a prime number?
True
Suppose -7*f + 4*f = -588. Suppose -2*v + 976 = 266. Let x = v - f. Is x composite?
True
Is (1 - -1380)/((-15)/23115*-23) prime?
False
Is (127 - 128)/((-1)/7613) prime?
False
Let b = -30 - -3918. Is 1*(8 + -3) - (0 - b) a composite number?
True
Is ((-15)/(-90))/(2020337/(-673446) + 3) composite?
False
Let s be 6 - 7/(-14)*-2. Suppose 2*q - 4*q + 3674 = d, -s*q + 9183 = 2*d. Is q composite?
True
Let s = 24081 + -10312. Is s/14 - 2/4 a composite number?
False
Let h(j) = -5*j**2 - 197*j + 431. Let c(w) = -3*w**2 - 131*w + 287. Let x(y) = -8*c(y) + 5*h(y). Is x(44) prime?
False
Let v(d) = -d**2 + 6*d + 13*d - 3*d**3 + 3*d**3 + 9 + 2*d**3. Is v(5) a prime number?
False
Let n be 2*(55/(-10) - -4). Is (4 - -1527) + -5 + n composite?
False
Let q(w) = -12*w**3 - 245*w**2 - 83*w + 107. Is q(-35) a prime number?
True
Let j = 74 - 63. Let n(p) = -p + 16. Let w be n(j). Suppose 2*g + 2*x + 9138 = 6*g, -w*g + 2*x + 11425 = 0. Is g a prime number?
True
Suppose -103*j = -100*j - 12. Suppose 385 = j*c - 123. Is c composite?
False
Is (0 - 1/2)/(343/(-49708246)) a composite number?
False
Let z = -782600 - -1268377. Is z a prime number?
True
Let a(b) be the third derivative of 5*b**4/24 + 713*b**3/6 - 7*b**2 - 8. Is a(0) a composite number?
True
Suppose 0 = -p, 4*q = -2*p - 1 + 5. Let b be (-9860)/(-32) + 2/(-16). Is (q/4*-29)/((-7)/b) prime?
False
Suppose 4*t + t + 2*q = 36, q = t - 3. Let c(m) = 5*m**2 - 19*m - 12. Let v be c(t). Suppose -v = -2*l + 100. Is l a composite number?
True
Let p(c) = c**2 + 7*c + 7. Let o be p(-8). Suppose -68*f = -63*f - o. I